73 composite?
False
Is 5412908773 a prime number?
True
Is 1996606217 prime?
True
Is 26475019327 a composite number?
False
Is 21471679259 a prime number?
False
Is 96807991 prime?
False
Is 13068072511 composite?
True
Is 340538129 a prime number?
False
Is 143414837 a composite number?
False
Is 22761002071 a prime number?
False
Is 47895287107 a prime number?
False
Is 21502391215 a prime number?
False
Is 30268436351 composite?
True
Is 1536357073 composite?
False
Is 19049114201 a composite number?
True
Is 63020208529 a prime number?
True
Is 1229728271 a composite number?
False
Is 390293447 a composite number?
False
Is 12293353601 a composite number?
False
Is 22291963087 a prime number?
True
Is 42614404559 prime?
True
Is 55798034927 prime?
True
Is 405132863 prime?
False
Is 25565426027 prime?
True
Is 42111707037 a prime number?
False
Is 79593900619 a composite number?
False
Is 437984917 prime?
False
Is 1101245881 a composite number?
False
Is 21373669459 a prime number?
False
Is 44314971839 a composite number?
True
Is 138901397 a prime number?
False
Is 16481614433 a prime number?
True
Is 355464013 composite?
False
Is 580470833 a composite number?
False
Is 1932276251 composite?
True
Is 42924760717 a composite number?
False
Is 71010293 prime?
True
Is 1442249617 composite?
False
Is 193751377 a composite number?
False
Is 143055804499 composite?
False
Is 14069227321 a prime number?
True
Is 950171093 prime?
False
Is 1798800483 a prime number?
False
Is 1073767483 prime?
False
Is 2652485653 prime?
True
Is 5093836061 prime?
False
Is 1656757973 a prime number?
False
Is 588115309 composite?
False
Is 1315925879 composite?
False
Is 1365607421 composite?
False
Is 5019311951 a prime number?
False
Is 1053800617 prime?
True
Is 363970021 a composite number?
True
Is 73639071553 prime?
False
Is 44239783039 a prime number?
True
Is 6624935159 composite?
False
Is 50911669057 a prime number?
False
Is 5175505061 a composite number?
False
Is 2861931431 a prime number?
True
Is 141671601521 composite?
False
Is 930921001 a composite number?
False
Is 63526979069 prime?
True
Is 18445643207 a prime number?
False
Is 345882263 prime?
True
Is 35676793 composite?
False
Is 20575818727 composite?
True
Is 303783541 composite?
False
Is 1162060871 prime?
True
Is 222031051197 a prime number?
False
Is 1047480937 a composite number?
False
Is 6697513195 a composite number?
True
Is 392860052209 composite?
True
Is 23327191277 composite?
True
Is 86099225753 prime?
True
Is 8973396329 a prime number?
True
Is 200365547483 a prime number?
False
Is 265626242197 prime?
False
Is 3737811677 prime?
False
Is 2114884391 composite?
True
Is 266393677 prime?
False
Is 137497949 composite?
False
Is 89858161 prime?
False
Is 4815176911 prime?
False
Is 6775219739 a composite number?
True
Is 456216883 prime?
True
Is 41491013 a prime number?
True
Is 43349381 prime?
True
Is 7000356793 a composite number?
True
Is 280916093 a prime number?
True
Is 33474338463 a prime number?
False
Is 5679036733 a prime number?
False
Is 1571785217 a prime number?
False
Is 603345541 composite?
False
Is 57323588339 a prime number?
True
Is 2762343569 prime?
True
Is 13879553509 a prime number?
False
Is 12274391407 composite?
False
Is 1099285163 a prime number?
True
Is 4737296519 prime?
True
Is 16495881 a composite number?
True
Is 328974587 a composite number?
True
Is 21535837 composite?
False
Is 24924572329 a prime number?
False
Is 71798936623 a composite number?
False
Is 21461003621 a prime number?
True
Is 124160903 composite?
True
Is 1261685797 composite?
False
Is 2055766573 a composite number?
True
Is 100848064795 composite?
True
Is 734320597 composite?
False
Is 644514131 a composite number?
False
Is 595864117 a prime number?
True
Is 13395103 composite?
False
Is 10361401681 prime?
True
Is 701126747 a prime number?
False
Is 71623429201 a prime number?
False
Is 3720477921 a prime number?
False
Is 12796989929 composite?
False
Is 4288067743 a prime number?
False
Is 2549969659 a prime number?
False
Is 285151538651 a composite number?
True
Is 6656190679 prime?
True
Is 114681187 prime?
False
Is 2525604505 a prime number?
False
Is 57335948281 a prime number?
True
Is 3928272407 a prime number?
True
Is 345179357 a prime number?
True
Is 669816619 a composite number?
False
Is 16798696613 composite?
True
Is 141697847 prime?
False
Is 50104184597 a composite number?
False
Is 488791673 a composite number?
True
Is 8833926341 a composite number?
True
Is 456878267 a composite number?
True
Is 61442479 a composite number?
True
Is 11928544867 composite?
False
Is 729280109 a prime number?
False
Is 133402657 prime?
False
Is 24540335315 a prime number?
False
Is 44128957 a composite number?
True
Is 192935237246 composite?
True
Is 3235625573 a composite number?
True
Is 659066401 composite?
True
Is 66245197 composite?
False
Is 291802279 composite?
True
Is 196859683 a prime number?
True
Is 1976919421 composite?
True
Is 424578547 a composite number?
False
Is 886750933 prime?
False
Is 6731503699 a composite number?
False
Is 1127832737 prime?
False
Is 380267311 composite?
True
Is 16438702927 composite?
False
Is 3305508751 a composite number?
True
Is 1217160771 composite?
True
Is 1400166277 composite?
True
Is 177482561 prime?
False
Is 814473563 a prime number?
False
Is 6933501737 a composite number?
True
Is 25096905005 prime?
False
Is 10121679593 prime?
False
Is 1139533355 a composite number?
True
Is 624435733 a composite number?
True
Is 1596116155 a composite number?
True
Is 85049549089 a prime number?
False
Is 7197080939 prime?
False
Is 88126837 a prime number?
True
Is 810798682 prime?
False
Is 70374547 a composite number?
False
Is 2019629041 composite?
False
Is 4852518793 a prime number?
True
Is 16074296333 composite?
False
Is 2210397667 prime?
True
Is 1886113019 a prime number?
False
Is 91164179 a composite number?
False
Is 84161475599 prime?
True
Is 2923199819 a composite number?
False
Is 4991785027 prime?
True
Is 6322585573 a composite number?
False
Is 14908818107 composite?
False
Is 5641696015 a prime number?
False
Is 2247466103 a composite number?
True
Is 130686125117 prime?
True
Is 8688286963 a prime number?
False
Is 5874539551 prime?
False
Is 56954350169 composite?
True
Is 74257144111 prime?
True
Is 221217839 prime?
False
Is 18147342299 a composite number?
False
Is 269093999 prime?
True
Is 1508894593 prime?
False
Is 496809889 composite?
True
Is 33126124649 composite?
True
Is 62031877 a composite number?
True
Is 44885254133 composite?
False
Is 3168136801 a prime number?
True
Is 2598512999 composite?
True
Is 48147112061 a composite number?
False
Is 408352411 prime?
True
Is 61916550407 composite?
False
Is 227299851173 a prime number?
True
Is 20070143311 a composite number?
True
Is 19656721277 a prime number?
False
Is 190650473765 a composite number?
True
Is 78332499023 a composite number?
True
Is 210833380213 prime?
True
Is 154823882494 composite?
True
Is 370535611 a prime number?
True
Is 192995679197 prime?
True
Is 151260524119 prime?
False
Is 356004091 composite?
False
Is 1189655327 composite?
True
Is 210822177 a prime number?
False
Is 1026680747 a composite number?
False
Is 59320362193 prime?
True
Is 63698064751 prime?
False
Is 275099927 a prime number?
False
Is 14737153 a composite number?
False
Is 1698537967 a composite number?
True
Is 102889437631 prime?
True
Is 65953064923 a prime number?
False
Is 205705007 prime?
False
Is 3216752023 prime?
True
Is 32557703665 a composite number?
True
Is 2587980673 a composite number?
False
Is 62066453353 a composite number?
False
Is 99657725171 a prime number?
True
Is 898996411 a composite number?
True
Is 447820411 prime?
True
Is 50084318693 a prime number?
False
Is 13639524463 prime?
True
Is 870359557 prime?
False
Is 1270656617 prime?
False
Is 1420201429 a prime number?
True
Is 7554906373 a prime number?
False
Is 156476527127 composite?
False
Is 11056576021 composite?
False
Is 125008514749 a composite number?
True
Is 25211902217 prime?
True
Is 38434614343 prime?
True
Is 2716924397 prime?
False
Is 1792997249 composite?
True
Is 30588773429 a prime number?
True
Is 1932017651 a prime number?
True
Is 163099147 a prime number?
True
Is 5513836919 a prime number?
True
Is 177230734697 prime?
True
Is 181183333 a composite number?